 + 2*y**2 - 4*y. Let z(j) = -2*j**3 + 3*j**2 - 7*j - 1. Let d(u) = 9*g(u) - 4*z(u). What is d(c)?
-11
Let r = 35 + -31. Suppose r*j - 2*i = 18, -i - 2*i + 3 = -j. Let g(s) = -8*s**2 + 8*s + 0*s - 3*s + s**3 + j + 0. Determine g(7).
-8
Let m(l) = 3*l**2 + 6*l - 7. Let s(x) = 7*x**2 + 12*x - 15. Let k = -44 + 39. Let n(o) = k*m(o) + 2*s(o). Give n(-6).
5
Let u(d) be the first derivative of -d**6/120 - d**5/10 + d**3/3 + 4*d**2 - 15. Let r(p) be the second derivative of u(p). Determine r(-6).
2
Let i be (-7 - -8)*(-6)/(-3). Let l be (-884)/143 + i/11. Let k(m) = -m**2 - 8*m - 8. Calculate k(l).
4
Let c(y) = -y + 6. Let x(b) = 2*b**2 + 4*b - 6. Let f = 13 - 17. Let l be x(f). Suppose -t - l = -3*t. Determine c(t).
1
Suppose -89 = -3*b + 52. Let g(a) = -25*a**3 - 21*a**3 + b*a**3. Calculate g(2).
8
Suppose -9*n = -14*n. Let i = -31 - -38. Let x(q) = -14*q + 0 - 4 + i*q + 8*q. Give x(n).
-4
Let q(v) = -2*v + 7. Let o be q(4). Let s be o/7 + (-136)/28. Let z(l) be the first derivative of -l**2/2 - 5*l - 1. Calculate z(s).
0
Let k = 281/1710 + 2/855. Let a(n) be the second derivative of 0 - k*n**3 + 5*n + 1/20*n**5 + 1/3*n**4 + 0*n**2. What is a(-4)?
4
Let z(b) = -b + 6. Let d be (-2)/16 + (-328)/(-64). Suppose d = -2*s + s. Let p be 2 + s - (-5 + 7). Calculate z(p).
11
Suppose 24*j - 8*j = 96. Let g(f) = -2*f**2 - 3*f - 3. Let w(m) = m**2 + m + 1. Let d(u) = 6*g(u) + 13*w(u). What is d(j)?
1
Let z(m) = m - 4. Let j be z(9). Let p = 9 - j. Let c(a) = 37*a - 76*a + 35*a + a**2 - 2 + 0. Give c(p).
-2
Let x(o) be the first derivative of -7 + 1/2*o**2 + 12*o. Suppose 3*z = -8*z - 66. Calculate x(z).
6
Let c(v) be the first derivative of -v**7/840 - v**6/72 - 5*v**4/24 - 17*v**3/3 - 28. Let g(p) be the third derivative of c(p). Calculate g(-5).
-5
Let o(g) = -g**2 + 16. Let f(l) = -l**2 + 46*l - 44. Let u(n) = f(n) + 2*o(n). Give u(15).
3
Suppose -140 = k - 5*k. Suppose 0 = -5*h + 140 + 30. Let l = h - k. Let y(r) = 19*r**2 - 1. Calculate y(l).
18
Let z = 787/2 - 393. Let h(y) be the first derivative of -z*y**2 + 12*y + 7. Calculate h(0).
12
Suppose q - 3 = 3. Let x(i) = -10*i**2 - 3*i - 12. Let z(c) = 3*c**2 + c + 4. Let p(b) = -2*x(b) - 7*z(b). Let s(f) be the first derivative of p(f). Give s(q).
-13
Let d(t) = 390 - 2*t**2 - 787 + 396 + t + t**2. Calculate d(3).
-7
Let w be (34 + 1/1)*1. Suppose -3*x + 0*p - 4*p + 35 = 0, 5*x + 2*p = w. Suppose q + x*q + 6 = 0. Let o(b) = -b - 1. Give o(q).
0
Let s(b) = -2*b - 1. Let o(q) = -5*q - 3. Let x(i) = -3 - 1 + 7 + i**2 + 5. Let a be x(0). Let c(y) = a*s(y) - 3*o(y). Give c(-5).
6
Let a(d) = 5*d**3 - 7*d**2 + 5*d - 5. Let o(w) = -14*w**3 + 18*w**2 - 14*w + 14. Let i(m) = -11*a(m) - 4*o(m). Calculate i(-2).
9
Suppose -2*n - 3*n - 40 = 0. Let h = n + 6. Let p(a) = -7*a**2 - 2. Let b(s) = 11*s**2 + 3. Let t(v) = -5*b(v) - 8*p(v). Calculate t(h).
5
Let d(i) = -264 + i**2 + 10*i + 511 - 266. Calculate d(-13).
20
Suppose 2*t + 4*z = -2*t + 24, z - 4 = t. Suppose 3*g = -12, -2*g + 4 = 2*m + m. Let p(r) = m*r**3 + 1 + 4*r**3 + 0. What is p(t)?
9
Let t(l) be the third derivative of -l**5/60 - l**4/4 + l**3/2 + 5*l**2. Let f be 24/(-3) - (-1 - -1). Determine t(f).
-13
Suppose 5 = -r - 3*w + 65, 0 = -3*r - 5*w + 196. Let h be ((-12)/10)/(2 + r/(-30)). Let i(b) = -3*b. Give i(h).
-9
Suppose 2*z + c - 134 = 0, 12 = 12*c - 15*c. Let y(r) = 137*r - 72*r - 2 - z*r. Calculate y(-3).
10
Let q(x) be the second derivative of -17*x**6/360 + x**5/120 + 7*x**3 - 13*x. Let y(u) be the second derivative of q(u). What is y(-1)?
-18
Suppose -12 = -3*m + 4*o, m + 0*o + 6 = -2*o. Suppose 3*h = -m*h - 3. Let z(n) = -n**3 - 2*n**2 + 1. Give z(h).
0
Suppose -91*v + 60 = -106*v. Let q(m) be the second derivative of -m**4/12 - m**3/2 + m**2/2 - m. Let j(l) be the first derivative of q(l). Calculate j(v).
5
Let y(o) be the third derivative of -o**5/60 - 5*o**4/24 - o**3/2 - 3*o**2 - 8. Suppose -14 - 2 = 4*t. Calculate y(t).
1
Let k be -174*(-1)/7*(-70)/20. Let a = -86 - k. Let p(m) = -6*m**2 + m - 2. Let f(o) = 5*o**2 - o + 3. Let h(d) = 2*f(d) + 3*p(d). What is h(a)?
-7
Suppose 0 = r + 5*d + 17, 5*r + 2 = 4*d - 25. Let c be (98/(-6))/r*3. Let v(f) = f**2 - 5*f - 8. Calculate v(c).
6
Let w(d) = -d + 14. Let t(u) = u**3 + 6*u**2 + 2*u + 19. Let q(g) = g**3 + 6*g**2 + 6*g - 1. Let l be q(-5). Let c be t(l). Give w(c).
7
Let z(x) = 14 - x**2 - 2*x - 7 + 2*x - 3 - 3*x. What is z(-5)?
-6
Let b(v) = v + 7. Suppose -3*o = 2*x + 42 - 27, 2*o + 3*x + 5 = 0. Give b(o).
0
Let z(m) = -m**2 + 2*m + 3. Suppose 0*v + 4*v = -160. Let f be ((-6)/(-4))/((-3)/v). Let q be (-6)/(f/(-8) + 1). What is z(q)?
-5
Let r = -36 + 15. Let d = r + 26. Let y(v) be the first derivative of v**3/3 - v**2 - 7*v + 3. Determine y(d).
8
Let l = 95 - 87. Suppose -l*t - 56 = 6*t. Let v(q) = q**3 + 3*q**2 - 3*q - 6. What is v(t)?
-10
Let f be (-2 + 6 - -77) + -2 + 2. Let y = -83 + f. Let u(b) = -7*b - 3. Let r(h) = -14*h - 6. Let m(j) = 3*r(j) - 7*u(j). Calculate m(y).
-11
Let w be (6/7)/(66/(-308)). Let a(j) be the first derivative of 3*j**2/2 + 1. Determine a(w).
-12
Let u(x) = 2*x - 4. Let y = 23 + -19. Suppose -3*d - 3*b + y*b = -13, 3*d - 3*b - 3 = 0. What is u(d)?
8
Suppose -48 = -13*q + 10*q. Let v = q - 11. Let n(l) = -l**2 - l**2 + v*l - 7*l + 3*l. What is n(-1)?
-3
Suppose -2*v - 3*v = o - 5, 4*v = 4. Suppose o = -0*h - 2*h - x + 1, h + 4 = x. Let q(t) = -t**2 - 1. Determine q(h).
-2
Let x(l) = 4*l**2 + 6*l - 3. Let o(w) = w - 3 + 7 + w**2 - 4. Let y be (1*-3)/(-3 + 4). Let g(f) = y*o(f) + x(f). Give g(-3).
-3
Let o(m) = -4*m. Let h be (3/3)/(2/4). Suppose -2*s - 3 - 1 = h*p, 8 = -p - 3*s. Calculate o(p).
-4
Suppose 26 = 4*x + 2*l, 4*x + 21*l - 35 = 16*l. Let c(p) be the second derivative of 0*p**3 + 0 + 0*p**2 + 5/12*p**4 - 1/20*p**x + 12*p. Determine c(5).
0
Let g(c) = 4*c - 23. Suppose -15*n - 14*n = -232. Determine g(n).
9
Let o(f) = 11*f**2 - 26*f + 25. Let y(h) = 7*h**2 - 17*h + 17. Let u(j) = 5*o(j) - 8*y(j). Determine u(6).
-11
Let w = -11 - -15. Let u(x) = -4*x + 17. Let a be u(w). Let k(o) be the third derivative of -11*o**6/120 + o**5/30 - o**4/24 - o**2. Determine k(a).
-10
Let j(w) = 11*w**2 + 16*w - 69. Let p(x) = -4*x**2 - 5*x + 24. Let d(k) = -6*j(k) - 17*p(k). Determine d(5).
1
Let a be 21*1*6/18. Let r(l) = -l**2 + 4*l. Give r(a).
-21
Suppose 47 = -5*f + 4*s, 0*s = 2*s - 6. Let m(t) = 5*t**3 + 8*t**2 + 11*t - 8. Let c(q) = -q**3 - q + 1. Let b(h) = 4*c(h) + m(h). Calculate b(f).
-4
Let v(p) = -2*p + 4. Suppose q - 4*d + 8 + 0 = 0, -4*d + 16 = 0. Suppose q + 2 = 2*w. Calculate v(w).
-6
Let q be 69/9 + (-4)/6. Let o be 35/(-10)*(-4)/q. Suppose -2*f + 15 = 3*t - 7*f, -o*t - 3 = f. Let z(y) = -y - 11. What is z(t)?
-11
Let n = -66 + 66. Let f(l) = 2*l + 4. Give f(n).
4
Let p(u) = -u**3 + 6*u**2 - 2. Let a be 290/(-25) + 2/(-5). Let g(f) = 2*f + 15. Let q(c) = 2*c + 16. Let n(d) = 2*g(d) - 3*q(d). Let k be n(a). What is p(k)?
-2
Let y(d) = -28*d + 3. Suppose 0 = 57*s + 36*s - 186. What is y(s)?
-53
Let r(n) = -3*n - 8. Let a(s) = -6*s - 8. Let m(l) = 2*a(l) - 3*r(l). Determine m(6).
-10
Let m(i) = -i**3 - 9*i**2 - 12*i - 10. Let n(u) = -2*u**3 + 61*u**2 - 31*u + 22. Let q be n(30). Give m(q).
22
Let r(v) = -v + 1. Let c(y) = -2*y + 6. Let d(p) = c(p) - r(p). Let j(s) = -s**3 - 2*s**2 + s + 2. Let z = -27 + 25. Let l be j(z). What is d(l)?
5
Let d be 2*(-6)/9*3. Let v = d - 2. Let c(l) = l + 8. Determine c(v).
2
Let v(q) = -4*q + 0 + 4 - q**2 + q. Suppose 2*s = -b + 39, -2*s - b - 46 = -5*s. Suppose -g + 5*o - s = -2*g, -o = 5*g + 11. What is v(g)?
4
Let z(d) be the first derivative of 3*d**4 - d**2/2 - 24. Determine z(-1).
-11
Let h(i) be the second derivative of i**5/20 - i**4/3 - i**3/3 - i**2/2 - 274*i - 1. Calculate h(4).
-9
Let j(f) be the second derivative of f**3/2 - 3*f**2/2 - 7*f. Let q be j(-2). Let s be 8/6 + (-6)/q. Let v(c) = c - 1. Calculate v(s).
1
Let b = 16 + 1. Let k = 16 - b. Let f(a) be the third derivative of -a**6/15 - a**5/60 - a**4/24 - a**3/6 + a**2. What is f(k)?
7
Let a(h) = -h**2 - 16*h + 19. Suppose 0 = -d - 6 - 11. Let q be a(d). Let o(m) = 0 + 4*m - 5*m + 16*m**q + 0. Determine o(1).
15
Let m(l) be the second derivative of 25*l - 1/2*l**2 + 0 - 1/6*l**3 + 1/12*l**4. What is m(-1)?
1
Let k(u) be the first derivative of 2*u**2 - 